[INFO] fetching crate netcdf3 0.4.0...
[INFO] checking netcdf3-0.4.0 against try#72f88fc4e9458f89516a0b8b0868f3718aec5b47 for pr-74989
[INFO] extracting crate netcdf3 0.4.0 into /workspace/builds/worker-7/source
[INFO] validating manifest of crates.io crate netcdf3 0.4.0 on toolchain 72f88fc4e9458f89516a0b8b0868f3718aec5b47
[INFO] running `Command { std: "/workspace/cargo-home/bin/cargo" "+72f88fc4e9458f89516a0b8b0868f3718aec5b47" "read-manifest" "--manifest-path" "Cargo.toml", kill_on_drop: false }`
[INFO] started tweaking crates.io crate netcdf3 0.4.0
[INFO] finished tweaking crates.io crate netcdf3 0.4.0
[INFO] tweaked toml for crates.io crate netcdf3 0.4.0 written to /workspace/builds/worker-7/source/Cargo.toml
[INFO] running `Command { std: "/workspace/cargo-home/bin/cargo" "+72f88fc4e9458f89516a0b8b0868f3718aec5b47" "generate-lockfile" "--manifest-path" "Cargo.toml" "-Zno-index-update", kill_on_drop: false }`
[INFO] running `Command { std: "/workspace/cargo-home/bin/cargo" "+72f88fc4e9458f89516a0b8b0868f3718aec5b47" "fetch" "--locked" "--manifest-path" "Cargo.toml", kill_on_drop: false }`
[INFO] running `Command { std: "docker" "create" "-v" "/var/lib/crater-agent-workspace/builds/worker-7/target:/opt/rustwide/target:rw,Z" "-v" "/var/lib/crater-agent-workspace/builds/worker-7/source:/opt/rustwide/workdir:ro,Z" "-v" "/var/lib/crater-agent-workspace/cargo-home:/opt/rustwide/cargo-home:ro,Z" "-v" "/var/lib/crater-agent-workspace/rustup-home:/opt/rustwide/rustup-home:ro,Z" "-e" "SOURCE_DIR=/opt/rustwide/workdir" "-e" "CARGO_TARGET_DIR=/opt/rustwide/target" "-e" "CARGO_HOME=/opt/rustwide/cargo-home" "-e" "RUSTUP_HOME=/opt/rustwide/rustup-home" "-w" "/opt/rustwide/workdir" "-m" "1610612736" "--user" "0:0" "--network" "none" "rustops/crates-build-env@sha256:d92eaeed33fa75130ca1ee6c8a01d1ffb62bac859dfdfb3450e3e5d1c0146529" "/opt/rustwide/cargo-home/bin/cargo" "+72f88fc4e9458f89516a0b8b0868f3718aec5b47" "metadata" "--no-deps" "--format-version=1", kill_on_drop: false }`
[INFO] [stdout] 4d18f6c8abd66609550bcb3a7b44498634a9a68f8c43d993329acea55a45ad78
[INFO] [stderr] WARNING: Your kernel does not support swap limit capabilities or the cgroup is not mounted. Memory limited without swap.
[INFO] running `Command { std: "docker" "start" "-a" "4d18f6c8abd66609550bcb3a7b44498634a9a68f8c43d993329acea55a45ad78", kill_on_drop: false }`
[INFO] running `Command { std: "docker" "inspect" "4d18f6c8abd66609550bcb3a7b44498634a9a68f8c43d993329acea55a45ad78", kill_on_drop: false }`
[INFO] running `Command { std: "docker" "rm" "-f" "4d18f6c8abd66609550bcb3a7b44498634a9a68f8c43d993329acea55a45ad78", kill_on_drop: false }`
[INFO] [stdout] 4d18f6c8abd66609550bcb3a7b44498634a9a68f8c43d993329acea55a45ad78
[INFO] running `Command { std: "docker" "create" "-v" "/var/lib/crater-agent-workspace/builds/worker-7/target:/opt/rustwide/target:rw,Z" "-v" "/var/lib/crater-agent-workspace/builds/worker-7/source:/opt/rustwide/workdir:ro,Z" "-v" "/var/lib/crater-agent-workspace/cargo-home:/opt/rustwide/cargo-home:ro,Z" "-v" "/var/lib/crater-agent-workspace/rustup-home:/opt/rustwide/rustup-home:ro,Z" "-e" "SOURCE_DIR=/opt/rustwide/workdir" "-e" "CARGO_TARGET_DIR=/opt/rustwide/target" "-e" "CARGO_INCREMENTAL=0" "-e" "RUST_BACKTRACE=full" "-e" "RUSTFLAGS=--cap-lints=forbid" "-e" "CARGO_HOME=/opt/rustwide/cargo-home" "-e" "RUSTUP_HOME=/opt/rustwide/rustup-home" "-w" "/opt/rustwide/workdir" "-m" "1610612736" "--user" "0:0" "--network" "none" "rustops/crates-build-env@sha256:d92eaeed33fa75130ca1ee6c8a01d1ffb62bac859dfdfb3450e3e5d1c0146529" "/opt/rustwide/cargo-home/bin/cargo" "+72f88fc4e9458f89516a0b8b0868f3718aec5b47" "check" "--frozen" "--all" "--all-targets" "--message-format=json", kill_on_drop: false }`
[INFO] [stdout] 9667c8c5447b74841924113dc47e85141c95efe4428e6a0980f322fdd68b393e
[INFO] [stderr] WARNING: Your kernel does not support swap limit capabilities or the cgroup is not mounted. Memory limited without swap.
[INFO] running `Command { std: "docker" "start" "-a" "9667c8c5447b74841924113dc47e85141c95efe4428e6a0980f322fdd68b393e", kill_on_drop: false }`
[INFO] [stderr]    Compiling bitflags v1.2.1
[INFO] [stderr]    Compiling libc v0.2.77
[INFO] [stderr]    Compiling ryu v1.0.5
[INFO] [stderr]    Compiling lexical-core v0.7.4
[INFO] [stderr]    Compiling memchr v2.3.3
[INFO] [stderr]    Compiling version_check v0.9.2
[INFO] [stderr]     Checking arrayvec v0.5.1
[INFO] [stderr]     Checking cfg-if v0.1.10
[INFO] [stderr]    Compiling byteorder v1.3.4
[INFO] [stderr]     Checking remove_dir_all v0.5.3
[INFO] [stderr]    Compiling nom v5.1.2
[INFO] [stderr]     Checking rand v0.4.6
[INFO] [stderr]     Checking atty v0.2.14
[INFO] [stderr]     Checking clap v2.33.3
[INFO] [stderr]     Checking tempdir v0.3.7
[INFO] [stderr]     Checking netcdf3 v0.4.0 (/opt/rustwide/workdir)
[INFO] [stdout] error[E0432]: unresolved import `copy_to_tmp_file`
[INFO] [stdout]   --> src/io/file_reader/tests_file_reader.rs:11:5
[INFO] [stdout]    |
[INFO] [stdout] 11 | use copy_to_tmp_file::{
[INFO] [stdout]    |     ^^^^^^^^^^^^^^^^ use of undeclared type or module `copy_to_tmp_file`
[INFO] [stdout] 
[INFO] [stdout] 
[INFO] [stdout] error[E0432]: unresolved import `copy_to_tmp_file`
[INFO] [stdout]   --> tests/tests_write_nc3_files.rs:13:5
[INFO] [stdout]    |
[INFO] [stdout] 13 | use copy_to_tmp_file::{
[INFO] [stdout]    |     ^^^^^^^^^^^^^^^^ use of undeclared type or module `copy_to_tmp_file`
[INFO] [stdout] 
[INFO] [stdout] 
[INFO] [stdout] error[E0432]: unresolved import `copy_to_tmp_file`
[INFO] [stdout]  --> tests/tests_read_nc3_files.rs:4:5
[INFO] [stdout]   |
[INFO] [stdout] 4 | use copy_to_tmp_file::{
[INFO] [stdout]   |     ^^^^^^^^^^^^^^^^ use of undeclared type or module `copy_to_tmp_file`
[INFO] [stdout] 
[INFO] [stdout] 
[INFO] [stdout] error: aborting due to previous error
[INFO] [stdout] 
[INFO] [stdout] 
[INFO] [stdout] For more information about this error, try `rustc --explain E0432`.
[INFO] [stdout] 
[INFO] [stderr] error: could not compile `netcdf3`.
[INFO] [stderr] 
[INFO] [stderr] To learn more, run the command again with --verbose.
[INFO] [stderr] warning: build failed, waiting for other jobs to finish...
[INFO] [stdout] error: aborting due to previous error
[INFO] [stdout] 
[INFO] [stdout] 
[INFO] [stdout] For more information about this error, try `rustc --explain E0432`.
[INFO] [stdout] 
[INFO] [stdout] error: aborting due to previous error
[INFO] [stdout] 
[INFO] [stdout] 
[INFO] [stdout] For more information about this error, try `rustc --explain E0432`.
[INFO] [stdout] 
[INFO] [stderr] error: build failed
[INFO] running `Command { std: "docker" "inspect" "9667c8c5447b74841924113dc47e85141c95efe4428e6a0980f322fdd68b393e", kill_on_drop: false }`
[INFO] running `Command { std: "docker" "rm" "-f" "9667c8c5447b74841924113dc47e85141c95efe4428e6a0980f322fdd68b393e", kill_on_drop: false }`
[INFO] [stdout] 9667c8c5447b74841924113dc47e85141c95efe4428e6a0980f322fdd68b393e
